 c be u(5). Suppose -6 = -5*o - p + c, -5*o + 49 = 2*p. What is the remainder when 28 is divided by o?
6
Let d = -16 - -28. Suppose x - 2*b - 10 = 3*b, 3*x - 2*b = 4. Suppose -z - 23 = -4*j, 0 = -3*j - x*j + 4*z + 1. Calculate the remainder when d is divided by j.
5
Let z(w) = -w. What is the remainder when z(-9) is divided by 6?
3
What is the remainder when 31 is divided by (-1 + 2)*(28 - 4 - -3)?
4
Let h be 8 + -5 - (1 + -3). Suppose -80 = -h*w + 260. What is the remainder when w is divided by 23?
22
Let u = 14 + -7. Suppose -7 = -a + 6. What is the remainder when a is divided by u?
6
Let f = -8 + 16. What is the remainder when 39 is divided by f?
7
Let v = -52 + 68. What is the remainder when 58 is divided by v?
10
What is the remainder when 85 is divided by (6/(-18))/(1/(-87))?
27
Let q be 19 - (9/3 + -4). Suppose -11 = 4*f - 67. Suppose 0 = 5*w + q, -m + 5*w + 47 = f. What is the remainder when m is divided by 7?
6
Suppose -3*j = -a - 39 - 19, -4*a = 3*j - 53. Suppose 4*m = -3*v + 151, 6*v = 2*m + 11*v - 93. Calculate the remainder when m is divided by j.
15
Let n(y) = -y**3 - 2*y + 8. Calculate the remainder when n(-4) is divided by 21.
17
Suppose i - 3 = 3. What is the remainder when 28 is divided by i?
4
Let m(u) = -3*u + 8. Suppose 3*w - h = h - 33, -3*w - 5*h - 12 = 0. What is the remainder when m(w) is divided by 12?
11
Let h(c) = c**2 - 3. Suppose 4*a = 2*a + 10. Suppose -104 = -4*g + 2*y, y = a*g + 3*y - 112. Calculate the remainder when g is divided by h(-4).
11
Let c(h) be the second derivative of h**2 + 0 + 3/4*h**4 - 7/6*h**3 + h - 1/20*h**5. What is the remainder when 37 is divided by c(8)?
7
Let j(g) = -63*g - 2. Let w be j(-2). Let z = w - 72. What is the remainder when z is divided by ((-2)/3)/((-6)/162)?
16
Suppose -9*r + 4*r + 70 = 0. Calculate the remainder when 55 is divided by r.
13
Suppose 192 = 5*w + 77. Suppose -2*o = o + 3. What is the remainder when w is divided by (18/12)/(o/(-4))?
5
Suppose 0 = -2*b + i + 134, -4*b + 5*i + 106 = -168. Calculate the remainder when b is divided by 17.
15
Suppose -2*x + 3 = 2*s - 9, 0 = -5*s - 4*x + 28. Suppose 5*k + s*y - 2*y = 30, y + 45 = 5*k. Calculate the remainder when 13 is divided by k.
5
Suppose 6*i - 12 = 3*i. Suppose q + 4*m = 42, 3*m - i = -m. Let f(v) = -3*v - 2. What is the remainder when q is divided by f(-4)?
8
Let q = 18 - 8. Suppose -4*x - 2 = q. What is the remainder when 32 is divided by x/(-6)*1*22?
10
Suppose -u = 2 + 2. Let y = 20 + u. Calculate the remainder when 45 is divided by y.
13
Suppose -3*n - h + 46 = h, -5*n + 98 = -2*h. Suppose n + 110 = 4*y. What is the remainder when y is divided by ((-44)/(-6))/((-14)/(-21))?
10
Suppose 5*m + 14 - 41 = -f, -5*m + 93 = 4*f. Suppose -3*q + 3*s + 128 = s, 3*q = -3*s + 123. Calculate the remainder when q is divided by f.
20
Calculate the remainder when 151 is divided by ((-6)/(-9))/2*912/8.
37
Let x = 30 + 17. Suppose -x + 5 = -3*d. What is the remainder when d is divided by 8?
6
Let z(g) = 24*g - 21. Let c = 11 + 4. Calculate the remainder when z(2) is divided by c.
12
Suppose 24 = i - 0*i - 4*q, -i - q + 29 = 0. Suppose -1 = -p + 18. Calculate the remainder when p is divided by (-30)/4*i/(-21).
9
Let y be (-4 + 1 - -7)*2. Suppose -30*t - y = -31*t. What is the remainder when 14 is divided by t?
6
Let u = -15 + 64. Calculate the remainder when u is divided by 13.
10
Suppose -3*a = -25 - 20. Calculate the remainder when a is divided by 9.
6
Let m = 4 + 1. What is the remainder when -22 + 25 - -4*1 is divided by m?
2
Suppose 3*f = -f + 8. Suppose f*v - 3*d - 10 = 5, -5*v + 27 = -4*d. Calculate the remainder when 8 is divided by v.
2
Suppose 1 - 3 = -q. Suppose 10 = 2*d + q. What is the remainder when d/(-14) - (-527)/7 is divided by 19?
18
Suppose 4*y = -t + 1, -5*t = -y + 2*y - 5. Calculate the remainder when (1 - y)/((-1)/(-37)) is divided by 13.
11
Let g(l) = l + 3 - 30*l - 5. Calculate the remainder when g(-1) is divided by 14.
13
Suppose -3*g + w + 6 = -2*w, 3*w - 14 = -g. Suppose -12 = 3*q + 3*f, 0 = -7*q + 3*q + g*f - 25. Let d = 24 + q. Calculate the remainder when 37 is divided by d.
18
Let d(i) = -2*i**2 + 0*i**2 + 2*i + 6*i + i**2. Calculate the remainder when 35 is divided by d(6).
11
Let u = 7 + 20. Calculate the remainder when u is divided by -3 + (-1 - (7*-4)/2).
7
Let g(z) = 5*z**2 + 2*z + 1. Let a(f) = -f**3 + 6*f**2 - 7*f + 5. What is the remainder when g(2) is divided by a(2)?
4
Let h(q) = -8*q + 11. Let z(j) = -1 + 7 - 5. Let p(y) = -h(y) + 5*z(y). What is the remainder when p(5) is divided by 18?
16
Let p be -1 - -2*1/(-2). Calculate the remainder when (-88)/p + (1 - 2) is divided by 15.
13
Suppose -2*z - 5*d = -114, -2*z - d + 106 = -0*d. Suppose -4*m = -8*m + z. Calculate the remainder when m is divided by 7.
6
Calculate the remainder when (2*(-24)/20)/(6/(-180)) is divided by 15.
12
Suppose 3*w = -f - w - 21, 4*w = -3*f - 39. Let v = -6 - f. What is the remainder when 3 is divided by v?
0
Let x(w) = -w - 6. Let v be x(4). Let p(y) = 2*y - 1. What is the remainder when v - -14 - (-1 + 0) is divided by p(2)?
2
Suppose -3 + 7 = l. Suppose -l = 2*i - 10. Calculate the remainder when 15 is divided by 2/(1/i*1).
3
Suppose 0 = 3*n + 4 - 25. Let w = 38 + n. Calculate the remainder when w is divided by 16.
13
Let o be (-27)/(-1)*(-5)/(-3). Let l = o + -28. Calculate the remainder when 33 is divided by l.
16
Suppose -6 + 36 = 3*o. Calculate the remainder when 119 is divided by o.
9
Let x(w) = 5*w + 45. Let b = -12 - -18. What is the remainder when x(-6) is divided by b?
3
Calculate the remainder when -12*((-35)/4 + 2) is divided by 6.
3
Let s(v) = 2*v**2 + 3*v. Let f be s(-2). Let a = f + 15. Let n = -19 + 28. Calculate the remainder when a is divided by n.
8
What is the remainder when (-34)/(-4)*(-7 + 29) is divided by 19?
16
Suppose 5*s - 2*q - 15 = 0, 6*s - 12 = 2*s + q. Let p(v) = 3*v - 10. Calculate the remainder when p(7) is divided by s.
2
Let q = 231 + 20. Suppose -4*u + q = -b - 98, -5*u + 4*b = -450. What is the remainder when u is divided by 22?
20
Let k = 26 + -15. Suppose 4*w + 2*c = -0*w + 6, w - 4*c - 24 = 0. What is the remainder when k is divided by w?
3
Suppose -4*d = -d - 78. Calculate the remainder when 76 is divided by d.
24
Suppose z + 3*z - 184 = 0. Suppose b = -0*b - 3*o + z, -o = -3*b + 98. What is the remainder when b is divided by 12?
10
Suppose -5*y = -2*y - 39. Suppose 2*v - 5*l - 3 = 0, 4*v = 2*v + l + 7. Suppose -v*r + 51 = -45. Calculate the remainder when r is divided by y.
11
Let z(c) = -18*c**3 + 3*c**2 + 9*c + 8. What is the remainder when z(-2) is divided by 30?
26
Suppose -x = -6*x - 4*r - 495, 3*x + 2*r + 295 = 0. Let q be 16*(-14)/4 + -2. Let j = q - x. What is the remainder when j is divided by 13?
11
Let v = 59 - 13. What is the remainder when v is divided by 12?
10
Suppose 0 = -4*u + u + 63. What is the remainder when 41 is divided by u?
20
Let j = -6 - -4. Let i = 2 - j. Suppose -t + 6*t = 5*l + 110, -83 = -i*t + 3*l. What is the remainder when t is divided by 9?
8
Suppose -2*w - 3*m = 2*w - 97, -99 = -4*w - m. Let k = w + 22. Calculate the remainder when k is divided by 24.
23
Suppose -7*b = -5*b. What is the remainder when 3/(-3)*(b - 22) is divided by 13?
9
Suppose -139 = -3*o - 58. Calculate the remainder when 105 is divided by o.
24
Suppose o + 22 = 6*z - z, 0 = 2*o - 5*z + 19. Let a = -3 + 11. Calculate the remainder when a is divided by o.
2
Let o(t) = -36*t**3 - t**2 - t. What is the remainder when 70 is divided by o(-1)?
34
Let k(p) = -121*p + 4. Calculate the remainder when k(-1) is divided by 9.
8
Suppose -2*d = -4 - 30. What is the remainder when 66 is divided by d?
15
Let b = 13 - 4. Let r(y) = y**2 + 10*y + 11. Let l be r(-9). Suppose -15 = -d - l*d. What is the remainder when b is divided by d?
4
Let s = -4 - -18. Let c = 20 - s. Suppose 4*m - 22 = c. Calculate the remainder when 12 is divided by m.
5
Suppose -i + 0*i + 31 = 0. Calculate the remainder when 120 is divided by i.
27
Let x(v) = -v**2 - 8*v - 3. Suppose -17 = -2*b - 9. What is the remainder when b is divided by x(-7)?
0
Let z = 18 - 6. Let b = 112 + -9. Let x = -70 + b. What is the remainder when x is divided by z?
9
Let i(b) = 15*b**3 - 2*b**2 + 1. Calculate the remainder when